358 - 11243. What is the remainder when 4484 is divided by l?
114
Suppose -3*s - 1666 = -7357. Suppose 17*f = 415 + s. Calculate the remainder when f is divided by 23.
21
Suppose -2*g = 3*g - 30. Suppose -9*p + g*p = -111. Let j(b) = -128*b - 754. Calculate the remainder when p is divided by j(-6).
9
Suppose 0 = 4*l + n - 33, -2*l + 8*n + 19 = 11*n. What is the remainder when 138 is divided by l?
2
Let m(a) = a + 27. Let t be m(-15). Suppose -25 = -t*r + 23. What is the remainder when 171 is divided by r/(94/30 + -3) - 1?
26
Let s = 238 - 18. Suppose -41*c = s - 876. Let j = 50 + 44. Calculate the remainder when j is divided by c.
14
What is the remainder when ((-15)/6 + 2)/((-291830)/(-41692) - 7) is divided by 21?
19
Suppose p + 12 = 5*p. Suppose -24 = -5*a - a. Suppose 8*j = -a*l + 3*j + 160, 82 = 2*l + p*j. Calculate the remainder when l is divided by 12.
11
Let g(t) = 2*t**2 - t + 5. Suppose -2825290*x + 28886 = -2825189*x. Calculate the remainder when x is divided by g(-4).
40
Let r(z) = 303*z + 1905. Calculate the remainder when r(-6) is divided by 0 - (-2)/(4/46).
18
Calculate the remainder when ((-342)/27 - 7)/((-105)/(-27) + -4) is divided by 52.
21
Calculate the remainder when (15/(-7) - (-33)/231)*(-61)/2 is divided by 48.
13
Suppose 0 = 257*n - 18779 + 4116 - 6154. What is the remainder when 14/(-63) + 5818/18 is divided by n?
80
Let u be (36/(-20) + 2)/((-1)/(-535)). Let d = u + -99. What is the remainder when d is divided by 1 + 2 - 3/3?
0
Suppose 22*v = 364 - 3730. Let o be 270 + (1 + -1 - 0). Let m = v + o. What is the remainder when m is divided by 17?
15
Let c = -78 - -186. Suppose 115 = 5*f + 5*w, f - 4*w - c = -3*f. Suppose 0 = -2*u + f + 9. Calculate the remainder when u is divided by 4.
1
Let b(i) = i**3 - 2*i**2 + 2*i. Let t = -616 + 928. What is the remainder when (-1 + -1)/((-24)/t) is divided by b(3)?
11
Suppose v - 18 = 2*t - 7, -5*v = -3*t - 27. Suppose 4*r - 5*n = 488, v*n + 369 = 4*r - 127. Calculate the remainder when r is divided by 16.
15
Let l be ((-882)/105)/(4/50). What is the remainder when 38 is divided by (l/(-28))/((-9)/(-48))?
18
Let c be (-22)/22 - (-1)/((-1)/(-683)). Let g = 689 - c. Calculate the remainder when 50 is divided by g.
1
Calculate the remainder when (9 + (-729)/45)*(-10)/2 is divided by -15*((-6)/15 + 0).
0
Let d = 1201 - 1158. Calculate the remainder when 984 is divided by d.
38
Let c = -150 - -87. Let a = 29 + c. Let t = a - -84. Calculate the remainder when t is divided by 18.
14
Suppose -i = -f - 39 + 26, -43 = -3*i + f. Calculate the remainder when 627 is divided by i.
12
Suppose -5*m + 0*m = 185. Let x = 35 + m. What is the remainder when 28 is divided by 13 - (x + 2 + -2)?
13
Suppose -2*h = 2*l - 66, -l = -h + 3*h - 71. Let x(t) = 5 + 5*t + 10 + 15. Calculate the remainder when x(9) is divided by h.
37
Let r(z) = -z**2 + 22*z + 13. Suppose -6*h + 98 - 56 = 0. Calculate the remainder when r(h) is divided by 24.
22
Let p = -14531 + 14578. Let x(r) = -r - 2. Let l be x(-6). Suppose -l*d = 3*c - 39, -4*d = 5*c - 3*d - 82. Calculate the remainder when p is divided by c.
13
Let g = 5250 + -4478. Calculate the remainder when g is divided by 37.
32
Suppose b + 254 = 3*o, 3*o - 4*b + 7*b = 270. Calculate the remainder when 855 is divided by o.
81
Let h be (-112)/840 - (-47)/15. Suppose 4*n - 110 = -2*b, -h*b = n - 0*b - 30. Calculate the remainder when 484 is divided by n.
25
Let f = 79 + 52. Let u = -121 + f. What is the remainder when 37 is divided by u?
7
Suppose 4*p - 5359 = 8665. What is the remainder when p is divided by 135?
131
Let o(z) = -2*z**3 - 18*z**2 - 29*z - 35. Calculate the remainder when o(-8) is divided by 18/117 - 516/(-26).
9
Let h = -38 + 19. Let t = 24 + h. Suppose t*d = 5*a + 306 - 21, 3*d = -a + 155. What is the remainder when d is divided by 9?
8
Let m = 408 + -276. Calculate the remainder when 491 is divided by m.
95
Suppose 0 = -7*p - 5*p + 360. Let c be (p/25*-5)/(1/2). Let s = 125 + c. What is the remainder when s is divided by 57?
56
What is the remainder when (-22951)/(-59) + 4*2/(-4) is divided by 134?
119
Let w(j) = j**2 + 3*j + 16. Let u be w(11). Suppose 3*n - u = -7*n. Calculate the remainder when 61 is divided by n.
10
Suppose -4*k = -3*w + 2*w - 40, -4*k + 5*w + 56 = 0. Suppose 0 = 4*h - 305 - 51. What is the remainder when h is divided by k?
8
Let h = 312 + -79. Suppose 121 = -r + 3*r + 3*f, -h = -4*r - 3*f. Calculate the remainder when r is divided by 33.
23
Let f be 136/(3/3*2). Calculate the remainder when -6*(f/(-12))/1 - 0 is divided by (1 + -11)/((-1)/2).
14
Suppose 27*g - 2768 + 419 = 0. What is the remainder when 6089 is divided by g?
86
Suppose -o + 2 = -2*q + o, 2*o = -4*q + 20. Suppose -2*r = -0*c + q*c + 38, -3*r = 2*c + 22. Let f = c + 41. Calculate the remainder when f is divided by 10.
7
Suppose -4*x = 3*m + 251 - 702, 4*x = -8. Suppose a + 2*a + 2*q + 291 = 0, -2*a - 207 = -3*q. Let w = m + a. What is the remainder when w is divided by 14?
12
Let v = 1403 + -1359. What is the remainder when v is divided by (-13)/(-65) - 248/(-10)?
19
Calculate the remainder when 337 is divided by 29480/1056*1*4 - 2/(-6).
1
Suppose -3717*p + 3659*p + 183361 + 189231 = 0. What is the remainder when p is divided by 109?
102
Let g(b) = 15*b**2 + 2*b - 7. Let c(t) = -3*t**3 - 78*t**2 - 4*t - 84. Calculate the remainder when g(5) is divided by c(-26).
18
What is the remainder when 42/(-4)*(-117564)/2121 is divided by 24?
6
Calculate the remainder when -5 + 22 - 7447*-2 is divided by 233.
232
Let m = -13017 + 23410. What is the remainder when m is divided by 297?
295
Let w(j) be the second derivative of -4*j**3/3 - 57*j**2/2 + 83*j + 2. Calculate the remainder when 115 is divided by w(-9).
10
Let k be 0 + -5 - 65/(-13). Suppose -5*v = -31*c + 28*c - 1853, 4*v + 4*c - 1476 = k. What is the remainder when v is divided by 93?
91
Let n be 1/((-6)/32)*44640/(-128). Suppose 3*g + 2*p - 1117 = 0, 5*g - 10*p + 13*p - n = 0. Calculate the remainder when g is divided by 6.
3
Let y(o) = -5*o**3 - 5*o**2 + 8*o + 1. Calculate the remainder when y(-4) is divided by 74.
61
Let l(t) be the first derivative of t**3 + 2*t**2 - 21. Suppose 2*s - 4*p + 8 = 0, 3*p = 5*s - 2 + 1. Calculate the remainder when l(-2) is divided by s.
0
Let l be (3/12*20 + -4)/(-1). Calculate the remainder when 323*(l - -2) - (-28)/(-14) is divided by 81.
78
Suppose -5826*d - 1912 = -5834*d. Calculate the remainder when 2624 is divided by d.
234
Suppose -s = -5*t - 3 - 52, 4*t + 2*s + 30 = 0. Let o = t + 15. Calculate the remainder when o/((-5)/(-4)) - -39 is divided by 15.
13
Suppose x + 2*x = 5*x. Suppose -s - q + 40 = x, 5*s + 4*q + 64 - 263 = 0. Let t = s - 18. What is the remainder when 81 is divided by t?
18
Let x(g) = -g**3 + 16*g**2 + 9*g - 131. Let u be -1 + (28 - 3) + 0. Suppose -3*v = f - 9 - 13, f = -v + u. Calculate the remainder when f is divided by x(16).
12
Let z(v) = -13*v - 2 - 3 + 17 - 34*v**2 + 36*v**2. Calculate the remainder when 238 is divided by z(6).
4
Suppose -m + 7 = -13. What is the remainder when ((-166)/249)/(((2 + -3)/(-177))/(-1)) is divided by m?
18
Let f be 2/6 - 522/27. Let z(v) = -v**3 - 18*v**2 + 17*v + 28. Calculate the remainder when z(f) is divided by 12.
6
Let h(c) = 3*c**2 - 4*c - 4. Let b = 6 + -3. Calculate the remainder when b is divided by h(-1).
0
Suppose 15*j - 251 = 813 - 179. Suppose 0*d - 348 = -2*d + 4*k, 5*k - 357 = -2*d. What is the remainder when d is divided by j?
58
Let i = 10543 - 10419. Let c(u) = u - 1. Let j(y) = -16*y + 4. Let h(l) = -3*c(l) - j(l). Calculate the remainder when i is divided by h(2).
24
Suppose -4*q - 38 - 2 = -2*h, -4*h + 68 = 4*q. Let u(r) = 2*r + 6. Let s be u(h). Let o = 64 - s. Calculate the remainder when 43 is divided by o.
21
Suppose -20 = 3*l - 65. Suppose -27*s - 534 = -99*s + 42. What is the remainder when l is divided by s?
7
Let c(o) = -5*o - 2. Suppose 13*h - 14*h - 7 = 0. Let x(t) = 2*t**2 + 7*t + 2. Calculate the remainder when x(h) is divided by c(-4).
15
Suppose 128 = 4*f - 84. Let u(t) = 57*t + 1207. What is the remainder when f is divided by u(-21)?
3
Let n = 2019 - 2011. Calculate the remainder when 1194 is divided by n.
2
Let r(f) = f**3 + 12*f**2 - 9*f - 53. Let d be r(-12). Suppose -40 = -5*v - 